value of 501 + -357 - (61 + 25)?
58
-9 + 2 + 1 + 4 + 9 + -6 - 45
-44
What is the value of (-21 - -104) + -43 - -6?
46
Calculate 32 + 12 + -23 - 26.
-5
What is the value of 1 + 3 + (36 + (-14 - 1) - 15)?
10
-12 - (65 - (66 - -59))
48
(-74 - -30 - -86) + -23
19
Calculate 0 + -33 + -403 + 551 + -259.
-144
What is -16 + 24 - 13 - (-15 + 54 + 8)?
-52
Calculate -102 + -27 + 50 + 89.
10
Calculate -9 + (12 - (-3 + 2) - (168 + -150)).
-14
34 + 84 + (-45 - (30 - 53))
96
Calculate (-9 - -3) + (4 - ((39 - 28) + 16)).
-29
What is the value of 27 + 44 + 5 + -11?
65
Calculate (-6 - 1 - ((-22 - 19) + (-35 - -72))) + -4.
-7
Evaluate -8 + (0 + -7 + (-2 + 8 - 8) - 46).
-63
What is the value of -301 + 398 + 10 + -120?
-13
-23 - (-1 - 15) - (-6 + 7) - -52
44
What is the value of -56 + (-9 + 34 - -12)?
-19
What is -7 + (53 - 80 - (5 + -1 + -5))?
-33
276 + -351 - (-85 - -2)
8
3 - (10 - (-5 + (11 - (14 + -16))))
1
What is (-58 - -158) + -87 - (90 + (-1 - (-5 + 2)))?
-79
Calculate -5 + 5 + -22 + 9 - (-3 - 23) - 23.
-10
What is the value of 6 + (4 - 26 - -23) + (4 - 0) + -11?
0
Evaluate -5 + (24 + -38 - 11 - -10).
-20
Evaluate (19 - -18 - (38 - 44)) + 65.
108
Calculate 225 + -255 - (0 + -3).
-27
What is -22 + (25 - (-20 - 6)) + -12 + 1?
18
Evaluate 8 - (0 + (-1 + -8 - -22)) - -11.
6
Calculate 180 - 199 - (-57 - 2).
40
Evaluate (-23 - 11) + -245 + 345.
66
Evaluate -1 + (17 + 16 + -20 - -2).
14
3 + ((18 - 31) + 15 - (-1 + -41))
47
What is -211 - (-18 - 89 - -18)?
-122
Calculate -302 - -112 - -146 - 68.
-112
What is 10 + (14 - (13 - -18) - (-9 - -82))?
-80
Calculate (6 - ((-23 - -2) + 14 + -10)) + 8.
31
Evaluate (-19 - 12) + -64 + 39 - -2.
-54
What is the value of 3 - (8 - 39 - -7 - -21)?
6
What is the value of (-134 + 99 - -62) + (-95 - 2)?
-70
59 + -106 - -71 - -4
28
-130 - -130 - (-5 - (3 - 4) - (-6 - -3))
1
9 + (-48 - (-29 + -33)) + (2 - 37)
-12
Calculate (5 - -84) + -3 - (-85 - -94 - (7 - 1)).
83
Evaluate -156 + 55 - (28 + -7 - -29).
-151
-26 - (38 - (73 + -29))
-20
Calculate 150 - 161 - (3 + -7).
-7
What is the value of 13 + (42 - 28) + -42 + 73?
58
What is -3 - (104 + -60 + -8 + (17 - 1))?
-55
6 + 0 + -1 + -34 - (115 + -110)
-34
What is the value of 65 + (1 - 5) + (4 - 10) + 9?
64
What is (-16 + (3 - 6) - (-70 + 56)) + -58?
-63
What is the value of (-102 + 53 - -162) + -64?
49
Evaluate -41 - (30 + 21 + -152).
60
Evaluate -15 - -1 - ((13 - 31) + 9 - 7).
2
What is -70 + (-8 - -64 - -4)?
-10
-22 - (-31 - -7) - ((0 - 3 - -4) + -31)
32
Evaluate -30 + -29 - (47 - 127).
21
What is the value of -34 + 11 + -96 + 158?
39
What is the value of 1 + (-1 - -2) - (-117 + (-29 - -138))?
10
Calculate (-112 - (38 + -33)) + (0 + 1 - (5 + -7)).
-114
Evaluate -1 + -33 + -4 + 79 + -63.
-22
What is the value of 14 + (-79 - (-24 + (-7 - (-5 - 19))))?
-58
Evaluate 39 - ((-8 - (-6 + -23)) + 1).
17
What is (-4 - (-1 + 6) - (5 - 23 - -18)) + 44?
35
What is 12 + -12 + -18 + 18 + -13 + 19?
6
Evaluate -34 + -27 + 172 - 82.
29
What is the value of 362 - 324 - (-1 + -67)?
106
Calculate (-6 - -5 - (-14 + 1)) + (205 - 226).
-9
(-10 - (-23 - -23) - -28) + -40
-22
Calculate -1 + (3 - 3) - ((-86 - -39) + 21).
25
What is -1 - -1 - (-2 - 0 - (-18 + 19 + 18))?
21
What is 0 + -23 + (-49 - -97 - 25)?
0
What is (87 - 57) + 41 + -96?
-25
What is the value of -1088 + 1053 - (-7 + 0)?
-28
What is the value of 100 + (-93 - -52 - 10)?
49
(1 - (-1 - -40)) + (-10622 - -10569)
-91
(8 - -71 - 61) + -89
-71
What is -9 + -23 - (-83 - -69)?
-18
Calculate -55 + 51 - 51 - 21.
-76
(8 - (177 + -11)) + 9 + 20 - -18
-111
What is (6 - 24) + 4 + (-1552 - -1429)?
-137
Calculate 5 + (-30 - -12) + (-7 - (-83 - -7)) + -6.
50
Calculate (18 - ((0 - -5 - (54 - 55)) + -4)) + 9.
25
Calculate (-78 - -47) + -16 + (0 - -5).
-42
Calculate 68 + -32 + 36 - 30.
42
Calculate -1 + (40 - (50 - -3)).
-14
Evaluate -2590 + 2556 + (-2 - (-3 - 0)) + -3.
-36
What is the value of (24 - ((1 - -1) + -5 + 3)) + -10213 + 10207?
18
(6 - -32) + -12 - 54
-28
(4 - (7 - (-10 + 9)) - -4) + (-8 - -12)
4
What is -31 - (114 - 87 - 47)?
-11
What is the value of (7 - (-13 + (8 - 1))) + -37 + 7?
-17
What is 108 + -104 + (-1 - -5) + (8 - 35)?
-19
29 - -8 - (1 + -27 + 19)
44
-1 - -1 - (-123 - -135 - (81 + (1 - 4)))
66
What is 6 - (6 - 23) - (19 + 52)?
-48
What is the value of 79 + 0 + (52 - 1) + 4366 + -4394?
102
Evaluate -113 + 6 + 27 + 89.
9
Calculate -23 + -23 + (-9 - -3) - -12.
-40
Calculate -10 - (-9 - (18 - 31)) - (0 - -4).
-18
What is the value of (-18 - -52) + (88 - -28) + -13?
137
36 + -36 + (2 - 1) + 19 + -4 + -24
-8
Calculate -2 + 44 + -43 + 66 + -38.
27
Calculate (33 - (11 + 76)) + 57.
3
Evaluate -2 + -6 + 836 + -826.
2
(-17 - -8 - -12) + -2 + -72
-71
Calculate 67 + -30 + 22 - 25.
34
What is the value of -2 + (-10 - -2) - ((-363 - -411) + (-2 - 8))?
-48
What is the value of 38 + (4 - 2) + -21?
19
Evaluate (-34 - ((-10 - -34) + -3)) + (14 - 2).
-43
Calculate 2 - (49 + -78 - -13).
18
Evaluate (-73 - -24) + 25 + -17 + 1.
-40
25 - (-19 - (-50 + 14)) - -56
64
What is -2 - 1 - ((0 + 20 - 38) + -21)?
36
What is 7 + 8 + 21 - (20 + -15 + -2)?
33
Calculate (174 - -2) + -43 + -74.
59
(21 - (-21 + 3)) + -10
29
What is the value of -5 + 3 + (62 - 56) - (-1 - (10 - -28))?
43
Evaluate -85 + 100 + -65 + -1 - (-1 + -5).
-45
Calculate -7 + 30 + 12 - 29.
6
Calculate -2 + 51 + (3324 - 3409) + -6 + 0 + 0.
-42
What is (0 - (-1 + 6)) + (-1 - -5) + (-3 - -27)?
23
Evaluate -30 - (4 - (-13 - (-31 - -6))) - 41.
-63
Calculate 110 - 4 - ((-14 - (-16 - 20) - 32) + -1).
117
-11 - 69 - (-58 + 61)
-83
Evaluate (4 - 2 - (0 + -28)) + 13 + 18 + -28.
33
Evaluate (-1 - (31 + -1)) + 0 - ((243 - 214) + -35).
-25
What is 59 + -10 + 2 - (24 + -11 + (-4 - -2))?
40
93 - (-1 + 25 + 28)
41
(-32 - -43) + 1 + (6 - (3 + -5 + 16))
4
What is the value of 3349 - 3324 - (1 - 72)?
96
(-59 - 23 - -40) + 35
-7
What is 1 - 0 - (0 + 9) - (27780 + -27787)?
-1
What is the value of (-6 + 4 - 4) + -407 + 382?
-31
What is the value of (14 - (-49 + 62)) + 16 + (-3 - -3)?
17
What is the value of 2 + -21 - (203 + -211) - -55?
44
Evaluate 2 + 0 - (14 + -5 + (-13 - -100) + -13).
-81
(27078 - 27206) + (1 - -114)
-13
32 + (-93 - (-92 + -36))
67
What is the value of -10 + -10 - (-84 + 24)?
40
What is 88 + (-36 - -28) - 35 - (-14 - -1)?
58
What is (48 - (5 + 73 + 12)) + 84?
42
Evaluate 1178 + -1186 + (-13 - (2 + -6) - (-7 - -3)).
-13
35 + -20 + (-105 - -4 - -3)
-83
What is 40 + (8 - 48) + -17?
-17
Calculate 91 + (4 - 28 - -31 - (7 + -14)).
105
What is the value of 24 + 34 + -29 + 8 + 2?
39
(87 - 38 - 13) + -30
6
Evaluate -15 + 23 + (17 - 2) + -13.
10
What is the value of (19 - 112 - -1) + (37 - 15)?
-70
Calculate 71 - (-42 - -48) - -25.
90
What is (-1 - -14) + 45 + -12 + (6 - 8)?
44
What is the value of -1 + 12 + 89 + -204 + 109?
5
What is the value of -5 + -8 + -4 + -24 + 5 + (-6 - 0)?
-42
(1 + -2 - 78 - ((-12 - 8) + 15)) + 10
-64
Evaluate -68 + (-88 - -17) + (68 - 33).
-104
What is the value of -14 + -2 - -2 - (8 - 52 - (0 - -72))?
102
Calculate 1 + -46 + (33 - -1) + 29 + 1.
19
What is (-423 - -409) + 19 + 3 + (-5 - 2) + -1?
0
Evaluate -45 - -46 - (56 + (17 - 11)).
-61
What is the value of -54 + -70 + 8 + 158?
42
Calculate (-29 - -1) + (-58 - (-101 + 51)).
-36
What is -23 - ((138 - 123) + -46)?
8
What is the value of 5 + 83 + (-7 + 7 - -21 - 20)?
89
Calculate -3 - (-46 - (-47 - -53)).
49
What is the value of 2 + (0 - 77) - ((-12 - -33) + -10) - -9?
-77
What is the value of (7 - 21 - -12) + -2 + (4 - -34) + 4?
38
Calculate 32 + (6 - -57 - 77).
18
202 + (11 - 147) + (1 - (14 - 0))
53
Evaluate 16 + 73 - 127 - -102.
64
What is 42 - (-28 - -49) - 106?
-85
Evaluate -44 + -2 + (2 - 3) + (39 - 27) + -8.
-43
Calculate (-58 - (54 + -51 + (0 - -2))) + (-17 - -14).
-66
-12 - ((-6 - -3) + 16) - (15 - 0)
-40
What is the value of 35 + -55 + (-46 - 4) - 13 - -14?
-69
Calculate (-54 - 1) + (-2 - 0) + -7024 + 7031.
-50
Calculate (-247 - -262 - (11 + 2)) + -70.
-68
Calculate -5 + -63 + (8 + 16 - (-31 - -35)).
-48
What is the value of 14 + 2 + 0 + 1310 + -1341?
-15
71 - (-15 - -28) - ((-5 - 1) + 3 + 3)
58
What is the value of 39 + -3 + (2 - (2 + 2)) + 15?
49
What is 17 + 2 - (-39 + (-4 + 22 - -9))?
31
Evaluate -62 + 52 + (0 + -2 - (19 + -17)).
-14
What is the value of (1 - (1 + 3)) + (-7 - -7) + -6 - -23?
14
Evaluate 336 + -232 - (22 - -51).
3